o**2 - 4*o**2 + 5*o**2 + 3*o. What is j(-2)?
1
Let y(p) be the first derivative of -p**4/4 - 2*p + 48. Give y(2).
-10
Let s be ((-2)/(-6))/(-6 + (-381)/(-63)). Let c(t) be the first derivative of -t**4/4 + 7*t**3/3 + 8*t - 1. Determine c(s).
8
Let i(u) = 6*u**2 + 4. Let z(o) = 5*o**2 + 5. Let w(f) = -2*i(f) + 3*z(f). Let n(y) = -4*y**2 - 7. Let k(c) = -4*n(c) - 5*w(c). Calculate k(0).
-7
Suppose 5*n - 20 = 0, z - 3 - 17 = -4*n. Let u(y) = -1 + 0*y**2 + 0 - 5*y + y**2. Determine u(z).
-5
Let i(j) = -2*j - 7. Let y be i(-5). Let o be (3 + 3)*(-2)/(-6). Let v(t) = -4*t + 0 + 4*t**o - 3 + 4 - 3*t**2. Give v(y).
-2
Let g(v) = 6*v - 22. Let k(j) = -4*j + 15. Let y(a) = 5*g(a) + 7*k(a). Let b = 0 + 5. Determine y(b).
5
Suppose l - 1 + 0 = 0. Let d be 7 + l/((-2)/4). Let z(q) = 3*q + 9. Let f(m) = 5*m + 14. Let v(r) = -5*f(r) + 8*z(r). What is v(d)?
-3
Let q(w) = w + 2. Let j be q(2). Suppose j*h = 5*h - 4. Let a(s) be the third derivative of -s**4/24 + 2*s**3/3 + s**2. Calculate a(h).
0
Let n(g) = g**2 - g. Let r(z) = 5*z**2 - 5*z + 2. Let c(q) = -6*n(q) + r(q). Suppose -2*y - 10 = 3*y. Calculate c(y).
-4
Let u = 0 + 0. Let k(j) = j**3 - j**2 + 2. What is k(u)?
2
Let i(w) be the second derivative of 1/720*w**6 + 0 + w + 0*w**2 - 1/6*w**4 + 1/60*w**5 + 0*w**3. Let u(o) be the third derivative of i(o). What is u(5)?
7
Let g(s) = -s**3 - 4*s**2 - 3*s + 1. Let h = -35 + 24. Let a = h + 8. What is g(a)?
1
Let j(b) = 7*b**3 + 7*b**2 - b + 2. Let x(y) = -11*y**3 - 11*y**2 + 2*y - 3. Let l(h) = 8*j(h) + 5*x(h). Determine l(-1).
-1
Let o(t) = -t. Let w = -6 + 9. Suppose m + w*m = 20. Suppose -15 = -2*y - m. Determine o(y).
-5
Suppose -5*n = 10*n. Let t(w) = -w**3 - w**2 + w + 22. Give t(n).
22
Let u(q) = q. Suppose 0 = 2*v + 3 - 1. Let f(g) = -5*g**2 - 2*g. Let j(d) = v*f(d) - u(d). Let h(n) = n**3 + 9*n**2 + 8*n + 1. Let y be h(-8). What is j(y)?
6
Let c(g) = -10*g + 2. Suppose -2*k + 1 + 3 = -2*v, 0 = k. Calculate c(v).
22
Let a(b) be the first derivative of -b**5/120 + b**4/12 + 5*b**3/3 - 5. Let i(x) be the third derivative of a(x). Calculate i(6).
-4
Let t be -4 - -1 - (11 - 23). Let x(y) = y**2 - 10*y + 4. Determine x(t).
-5
Let t = 11 - 8. Let l(n) be the first derivative of -3*n + 4*n + 4 + 8*n**2 - 7*n**2 - 5*n. Determine l(t).
2
Let j(l) be the second derivative of 3*l + 1/4*l**4 + 0*l**2 + 1/360*l**6 + 0 - 1/120*l**5 + 1/6*l**3. Let k(h) be the second derivative of j(h). Give k(0).
6
Let a(w) = 2*w + 8. Suppose -2 = -5*n + 8. Suppose -5*j + n*j - 5*b - 38 = 0, -j = 5*b + 26. Calculate a(j).
-4
Let o(g) = -g**2 + 6*g - 8. Suppose 0 = -3*d + 8 + 10. Give o(d).
-8
Let c(v) be the second derivative of -v**5/60 + v**4/6 + v**2 + 8*v. Let y(x) be the first derivative of c(x). Give y(3).
3
Suppose 0 = -2*l + l + 3. Let d(i) = -2*i**2 + 2*i**2 + i**2 + 4 + 3 + i**l. What is d(0)?
7
Suppose 4*z + 9 = -7. Let f(b) = -b**2 - 3*b. Calculate f(z).
-4
Let u(x) be the first derivative of -x**4/4 + 5*x**3/3 - 2*x**2 - 4*x - 2. Let z(b) = -b**3 - 8*b**2 + 19*b - 6. Let l be z(-10). What is u(l)?
-4
Let t(m) = -3*m + 2*m + 0*m + 1. Let g be 4 - 4/(4 - 0). Let b be -1*1/g*-9. What is t(b)?
-2
Let q be ((-2 + 2)/3)/(-1). Let i(h) = 0*h**2 - 3*h**3 + 4*h**3 + 5*h - 5*h**2 - 2 + q*h**3. Give i(4).
2
Let y(s) = -4 - 4 + 9 - 8*s. Determine y(1).
-7
Let w(y) = -y**3 - 1 - y + 3*y - 4*y + 6*y**2 - 10*y**2. Suppose -3*j + 0 - 9 = -3*u, 3*u - 7 = 2*j. What is w(j)?
-5
Let l(s) = 4*s**3 - 5*s**2 - 5*s + 3. Let i(g) = -5*g**3 + 5*g**2 + 5*g - 3. Let t(w) = -3*i(w) - 4*l(w). Give t(6).
-9
Let l(x) = 3*x**3 - x. Let d = -85 + 86. What is l(d)?
2
Let n(m) = -2*m**3 - 9*m**2 + 8*m - 4. Let a(d) = -d**3 - d**2 + d. Let f(r) = 3*a(r) - n(r). Give f(5).
4
Let g = -2 + 2. Let b = 3 + g. Let u(l) = l - 2. Let j(k) = 1. Let c(r) = -j(r) + u(r). Determine c(b).
0
Let h(z) be the third derivative of z**6/360 + z**5/60 - z**4/24 - 7*z**3/6 - 5*z**2. Let j(v) be the first derivative of h(v). What is j(-4)?
7
Let n(i) = -i - 1. Suppose 2*f - f = -4. Let p(l) = 3*l + 2. Let w(m) = f*n(m) - p(m). Give w(-2).
0
Let s(z) = -9*z + 4*z + 0 + 0. Let m(c) = -c. Let l be m(-1). Determine s(l).
-5
Let v be 3/3 - -1*5. Suppose -w - 13 = 5*p + 8, -25 = -5*w + p. Let x be v/1*(-2)/w. Let m(a) = -a - 2. Give m(x).
1
Let i(t) be the second derivative of -t**6/360 + t**4/24 + t**3/2 - 2*t. Let q(u) be the second derivative of i(u). What is q(3)?
-8
Let m(o) = -o - 2. Let d(n) = 2. Let y(z) = 5*d(z) + 2*m(z). Determine y(4).
-2
Let j(g) = g**2 - 3*g - 7. Let o(y) = -2*y + 1 + 3*y - 1. Let a(w) = -j(w) - 3*o(w). Calculate a(0).
7
Let w(j) = -j - 1. Let h(p) = -7*p - 10. Let b(x) = h(x) - 6*w(x). Determine b(4).
-8
Let g = -13 - -6. Let s(f) = -f. What is s(g)?
7
Suppose n = 4*c + 25, -26 = -c - 4*n - 11. Let d(m) = -m**3 - 4*m**2 + 6*m + 5. Calculate d(c).
0
Let g(v) = -5*v + 2*v + v**2 - 2*v - 4 + 3*v. Suppose 6 = -0*f + 2*f. Calculate g(f).
-1
Let y be (-61)/2 - 1/(-2). Let f be ((-4)/10)/(6/y). Suppose -f*q = -3*t - 5, 3*q - 2 = t + 2. Let x(p) = -3*p. Give x(q).
-3
Let o(x) = x - 1. Let m(p) = p**2 - 7*p - 1. Let i(l) = m(l) + 4*o(l). Let t(r) = 2*r + 1. Let a be t(2). Let q be i(a). Let f(h) = h - 2. Calculate f(q).
3
Let v(r) = r**2 - 6*r - 10. Suppose -3*k + 19 + 6 = -q, -3*k - 2*q + 13 = 0. Give v(k).
-3
Let t(h) = -2*h**2 - h + 1. Let a be -1*(2/11 - (-117)/(-99)). Determine t(a).
-2
Let x(d) = d**2 + 4*d + 3. Suppose 5 + 1 = -4*j + 2*g, 0 = 3*j + 3*g + 27. Give x(j).
3
Let v(o) = o**3 + o**2 - o - 3. Suppose r + 4*l = 2*r - 20, 10 = -2*r - 2*l. Give v(r).
-3
Let l = 15 + -22. Let m(r) be the third derivative of r**4/12 + 3*r**3/2 + r**2. Give m(l).
-5
Suppose -d = 3*d + 12. Let x(b) = -b**3 - 2*b**2 + 3. What is x(d)?
12
Suppose -2*u = -3*m - 15, 5*m - m = -3*u - 3. Let g(p) = p. Let o(b) = b**2 - b + 2. Let c(h) = -3*g(h) - o(h). What is c(m)?
-5
Let i(a) = -a**2 - 6*a + 3. Let c(z) = -1. Let y(t) = t - 2. Let k(g) = -2*c(g) + y(g). Let h(f) = -i(f) - 6*k(f). What is h(3)?
6
Let i(u) be the third derivative of u**6/120 - u**5/20 - u**4/24 + u**3/6 + 25*u**2. Give i(3).
-2
Let y be (-2)/(-5) + (-23)/(-5). Suppose 3*g + 6*r = r + 2, y*g = 5*r + 30. Let l(k) = -k**3 + 4*k**2 + 3*k - 1. Give l(g).
11
Suppose -7*p + 3*p = 0. Let i(z) = -z + 3. What is i(p)?
3
Let s(k) = -67 - 2*k + 38 + 35 + 3*k. Calculate s(-8).
-2
Suppose b - 3*v - 4 = 1, -5*v = 3*b + 41. Let k(f) = f**2 + 10*f + 7. Calculate k(b).
-14
Let a = -5 - -7. Let c(t) = t + 4 - 7 + t**a + 1. What is c(-3)?
4
Let o(u) = -3*u + 6*u - 7 + 0*u. Let f(m) = -8*m + 21. Let h(a) = -6*f(a) - 17*o(a). Suppose 2*v + 6 = -4. Give h(v).
8
Let i(d) = -2*d**2 - 5*d + 10. Let z(l) = 5*l**2 + 9*l - 21. Let m(k) = 7*i(k) + 3*z(k). Give m(6).
-5
Let p(d) = 5 - 6 + 11*d - 54*d. Let m be p(-1). Suppose -2*s - 5*o - 4 = -o, 0 = -5*s + 3*o + m. Let v(u) = -u**3 + 6*u**2 + 3. Give v(s).
3
Suppose -s + 2*n = -2*s - 1, 5*s - 4*n = 23. Let p(y) = y**2. Calculate p(s).
9
Let b(o) = -21*o + 37*o - 15*o + 6*o**2. What is b(-1)?
5
Let h(c) be the third derivative of -c**6/120 + c**5/30 - c**3/6 + 11*c**2. Let u = 3 + -2. Let a be (-1)/(-2 + 4 - u). Calculate h(a).
2
Let z(q) = -4*q**3 - 7*q**2 - q - 2. Let i(j) = 2 + 8*j**3 + 3 - j**3 + 13*j**2 + 2*j. Let g(f) = 3*i(f) + 5*z(f). Give g(-4).
1
Let x(m) = m**2 + 2*m + 1. Let j(b) = -b - 11. Let y be j(-9). What is x(y)?
1
Let u(v) be the third derivative of 0 + 0*v**4 + 9*v**2 + 0*v + v**3 - 1/60*v**5 + 1/120*v**6. Calculate u(0).
6
Let d(h) = -4 - 3*h**3 + 0*h**3 + 29*h**2 + 4*h**3 - 24*h**2. Suppose -t + 3 - 13 = -5*b, -t + b = 6. Determine d(t).
-4
Suppose -2*x - 2*x = -12. Let w(f) = -f + 6. Give w(x).
3
Suppose -3 - 7 = -5*f. Suppose f*o = -2*o + 4. Let l(u) be the second derivative of 7*u**4/12 - u**3/6 - u. What is l(o)?
6
Let y(r) be the second derivative of r**4/12 + r**3/2 + 2*r**2 + r. Let p(z) = -5*z + 2. Let b be p(-2). Suppose 0 = -4*t + t - b. Give y(t).
8
Let k = 25 + -20. Let z(p) = -p**3 + 6*p**2 - 5*p + 5. Determine z(k).
5
Suppose -5*r = -2*b - 11, 0 = b + b + 5*r - 19. Let h(q) be the first derivative of 1/3*q**3 - 1/2*q**b + 3 + q. Calculate h(2).
3
Let n(v) = v**2 + v + 5. Suppose 3*s + 2*f = 5*s, 5*f = 0. Let q = 0 - s. Suppose 0 = -2*k - 8, q = u - 3*u - 5*k - 20. Determine n(u).
5
Let r = -5 + 